108?
False
Is 36 a factor of 15390540?
True
Does 102 divide 936666?
True
Is 496392891 a multiple of 5442?
False
Is 3 a factor of 1095381?
True
Is 9 a factor of 462203585?
False
Is 15683407 a multiple of 365?
False
Is 1324008484 a multiple of 362?
True
Is 17 a factor of 96057127?
False
Is 458649328 a multiple of 3272?
True
Does 2167 divide 146530373?
True
Does 89 divide 1319647233?
True
Is 5 a factor of 530791?
False
Is 351137315 a multiple of 6554?
False
Is 326580079 a multiple of 13?
False
Does 115 divide 125842767?
False
Does 17 divide 99028417?
True
Is 259280860 a multiple of 34?
False
Is 5 a factor of 25288600?
True
Is 443777643 a multiple of 42?
False
Does 4 divide 11505360?
True
Is 1575 a factor of 386793225?
True
Is 179177452 a multiple of 46?
True
Is 1857 a factor of 252249309?
True
Is 172811042 a multiple of 193?
True
Is 205801280 a multiple of 4?
True
Is 2133780 a multiple of 265?
True
Is 10263 a factor of 1347850053?
True
Does 106 divide 253138070?
True
Does 160 divide 25413398?
False
Is 864 a factor of 2959448832?
True
Does 10 divide 105688394?
False
Is 16 a factor of 900655280?
True
Is 110306793 a multiple of 1681?
False
Is 222886924 a multiple of 1586?
True
Is 2567 a factor of 171547476?
True
Is 63 a factor of 217196203?
False
Is 107281845 a multiple of 1152?
False
Is 379874904 a multiple of 24?
True
Does 113 divide 88401030?
True
Is 936454596 a multiple of 4276?
False
Does 20 divide 67442091?
False
Is 10978866 a multiple of 207?
True
Does 520 divide 388487337?
False
Is 29971032 a multiple of 78?
True
Does 2350 divide 600789250?
True
Is 6 a factor of 27056814?
True
Does 6 divide 639137628?
True
Is 104 a factor of 78679640?
True
Is 24 a factor of 193965654?
False
Is 345 a factor of 1865750685?
True
Does 573 divide 258609225?
True
Is 1152 a factor of 130072320?
True
Is 33 a factor of 815145?
False
Is 1079412 a multiple of 1228?
True
Is 3094 a factor of 845178698?
True
Does 672 divide 53268768?
True
Is 135 a factor of 17531098?
False
Is 1233 a factor of 52845013?
False
Is 69686704 a multiple of 1192?
True
Does 19 divide 14825605?
True
Is 786599308 a multiple of 3?
False
Does 149 divide 29799436?
False
Is 242 a factor of 230303656?
True
Does 655 divide 355135980?
False
Is 782894148 a multiple of 245?
False
Does 208 divide 50989120?
True
Is 7994 a factor of 222501701?
False
Is 1030 a factor of 42218670?
True
Is 214 a factor of 1720971?
False
Does 2 divide 5181277?
False
Is 9788460 a multiple of 33?
True
Is 221 a factor of 9284902?
False
Does 8 divide 62907805?
False
Is 155210641 a multiple of 234?
False
Is 203 a factor of 1660540?
True
Is 12249675 a multiple of 198?
False
Does 1461 divide 47094952?
False
Is 472 a factor of 987734?
False
Is 1637419770 a multiple of 5355?
True
Is 888151346 a multiple of 468?
False
Is 59 a factor of 97204742?
True
Does 375 divide 3061901625?
True
Does 63 divide 455127687?
True
Is 143323603 a multiple of 18?
False
Is 2630 a factor of 45296962?
False
Does 4107 divide 8984954?
False
Is 1560 a factor of 478027680?
True
Is 3900714 a multiple of 180?
False
Is 322 a factor of 1123458?
True
Is 29604634 a multiple of 1219?
True
Is 4391926 a multiple of 22?
True
Does 1015 divide 143954994?
False
Is 51117980 a multiple of 772?
True
Is 88 a factor of 533117043?
False
Is 460 a factor of 25262444?
False
Does 8 divide 426174584?
True
Is 522864044 a multiple of 1128?
False
Does 67 divide 4951233?
True
Is 1355311963 a multiple of 25?
False
Is 16 a factor of 1673084224?
True
Is 1325458699 a multiple of 113?
True
Is 8 a factor of 50115152?
True
Is 27273197 a multiple of 4?
False
Is 11500146 a multiple of 377?
False
Does 99 divide 7501131?
True
Does 1535 divide 139912180?
True
Is 96 a factor of 28744637?
False
Does 64 divide 493300160?
True
Does 723 divide 29598897?
True
Is 450 a factor of 9369839?
False
Is 112051528 a multiple of 558?
False
Is 1002 a factor of 13231410?
True
Is 978 a factor of 716835858?
True
Does 388 divide 7087208?
True
Is 66 a factor of 593292339?
False
Is 8691 a factor of 1044814638?
True
Does 576 divide 539169984?
True
Is 77 a factor of 342210561?
True
Is 142067366 a multiple of 46?
True
Is 99 a factor of 542440963?
False
Is 461585228 a multiple of 116?
True
Is 20654400 a multiple of 52?
True
Is 621 a factor of 4964931811?
False
Is 338997973 a multiple of 14?
False
Does 16 divide 481001120?
True
Does 14 divide 39528622?
True
Is 2151 a factor of 919534982?
False
Does 50 divide 72659550?
True
Does 306 divide 810889536?
False
Does 16 divide 57055217?
False
Does 69 divide 45122081?
False
Is 3 a factor of 39432752?
False
Does 4 divide 3813624?
True
Is 15 a factor of 18080820?
True
Does 16 divide 901264343?
False
Is 1037641631 a multiple of 17?
True
Does 2400 divide 50702400?
True
Is 65230184 a multiple of 7?
False
Does 55 divide 47863805?
True
Does 139 divide 143768908?
False
Is 31 a factor of 213395196?
True
Is 3423 a factor of 319383015?
True
Is 93 a factor of 20505012?
True
Is 497 a factor of 195634530?
False
Is 515 a factor of 8402225?
True
Is 9 a factor of 505284228?
True
Is 889 a factor of 24751538?
True
Is 49583066 a multiple of 19?
False
Does 304 divide 27621265?
False
Does 2451 divide 918406857?
True
Does 47 divide 5091554039?
True
Is 26459358 a multiple of 1318?
False
Does 752 divide 4273138480?
True
Is 1064 a factor of 411298806?
False
Is 2129391 a multiple of 9?
True
Is 73 a factor of 7035448?
True
Is 17 a factor of 21719812?
True
Does 23 divide 8663870?
True
Is 20 a factor of 23051300?
True
Does 110 divide 188282820?
True
Does 723 divide 6367968?
False
Is 1110793806 a multiple of 313?
True
Is 66570049 a multiple of 553?
False
Does 143 divide 1148093875?
False
Is 2 a factor of 128825917?
False
Is 93 a factor of 47371410?
True
Is 87187920 a multiple of 95?
False
Is 712557763 a multiple of 3206?
False
Is 53253230 a multiple of 113?
False
Does 16 divide 250613632?
True
Is 760410300 a multiple of 3?
True
Is 136 a factor of 7866376?
True
Is 40450664 a multiple of 180?
False
Does 8 divide 11274440?
True
Is 45 a factor of 5887543?
False
Is 5545 a factor of 27103960?
True
Does 4245 divide 633922830?
True
Is 4583 a factor of 3616233514?
False
Does 2420 divide 300176183?
False
Does 3307 divide 18269807?
False
Does 11 divide 9288780?
False
Is 12280675 a multiple of 2?
False
Does 80 divide 3860127?
False
Is 21 a factor of 530643855?
True
Does 18 divide 344708460?
True
Is 12277584 a multiple of 528?
True
Is 2213944377 a multiple of 1640?
False
Does 11 divide 96406079?
True
Does 2118 divide 5526448686?
True
Is 6918144 a multiple of 128?
True
Is 7034381 a multiple of 8?
False
Is 17 a factor of 1037203453?
False
Is 15200477 a multiple of 32?
False
Is 21 a factor of 36607230?
False
Does 2031 divide 31439880?
True
Is 343202083 a multiple of 1086?
False
Is 27 a factor of 37958331?
False
Is 13012031 a multiple of 65?
False
Is 297397462 a multiple of 2398?
False
Is 8 a factor of 63644840?
True
Is 402 a factor of 37927494?
True
Is 5536872 a multiple of 198?
True
Does 46 divide 520858?
True
Is 804602512 a multiple of 3437?
False
Is 356759264 a multiple of 1256?
True
Is 73896522 a multiple of 742?
True
Does 2180 divide 34869100?
True
Does 4347 divide 400622096?
False
Is 5996966547 a multiple of 13?
True
Does 9064 divide 823251415?
False
Is 2475474 a multiple of 29?
False
Is 158093364 a multiple of 7077?
False
Is 432703346 a multiple of 2839?
True
Does 434 divide 276367294?
True
Is 2178405102 a multiple of 5154?
True
Is 33980113 a multiple of 73?
True
Is 146525025 a multiple of 16?
False
Is 42142394 a multiple of 1253?
False
Is 45 a factor of 1808092300?
False
Is 2030344163 a multiple of 553?
False
Is 31487184 a multiple of 828?
True
Is 17011800 a multiple of 75?
True
Is 4 a factor of 6415732?
True
Does 20 divide 7214361?
False
Does 755 divide 1462864098?
False
Does 214 divide 106190224?
True
Is 1010347511 a multiple of 18?
False
Is 81372039 a multiple of 291?
True
Is 346604932 a multiple of 5482?
True
Is 36 a factor of 2398356432?
True
Is 65426868 a multiple of 18?
True
Does 98 divide 14107786?
True
Does 70 divide 47940778?
False
Is 1183233319 a multiple of 409?
True
Is 508201081 a multiple of 1987?
True
Does 10 divide 1604142879?
False
Is 5029 a factor of 287052320?
False
Does 683 divide 622801746?
True
Does 150